 + 6. Let n(o) = -o**2 + 1. Let c(a) = a**2 + a + 1. Let l(p) = c(p) + 6*n(p). Let r(y) = -4*j(y) + 3*l(y). Give r(-3).
21
Let y = 85 - 79. Let u(s) = -7*s**2 + 0*s + 1 + 4*s + y*s**2. What is u(6)?
-11
Let f(q) = -q**3 - 3*q**2 + 3*q - 4. Let u = -523 + 519. Give f(u).
0
Let y be 1/2*(-2 - -2). Let k(a) = 4*a - 5*a - a**2 + 8*a + 5 + y*a. Calculate k(8).
-3
Let z = -236 - -235. Let h(u) = -8*u**2 - 4*u + 6. Let o(j) = -8*j**2 - 3*j + 5. Let d(m) = -4*h(m) + 5*o(m). What is d(z)?
-8
Suppose -19*z = -17*z + 20. Let r(n) = -n**3 - 11*n**2 - 9*n + 13. Calculate r(z).
3
Let h(g) = g - 4 - 4*g + 0. Let j = -36 - -32. Let q(b) = 4*b + 5. Let u(s) = j*q(s) - 5*h(s). Determine u(1).
-1
Let a(n) = -3*n**2 - 2*n - 1. Let b = 282 - 284. Give a(b).
-9
Let c(y) = y**3 - 21*y**2 - 21*y - 32. Let z = -263 + 285. What is c(z)?
-10
Let v(a) = 2*a**3 + 4*a - 6*a**3 - 363 + 365 - 5*a + 0*a. Determine v(1).
-3
Let r(m) = m**3 + m**2 - m + 1. Let b(f) = -f**3 + 7*f**2 + 11*f + 8. Let x(a) = a**3 - 2*a + 2. Let v be x(1). Let z(k) = v*b(k) + 2*r(k). What is z(-8)?
2
Let a(o) = o**3 - 6*o**2 + 5*o. Suppose -25*s = -29*s + 20. Give a(s).
0
Let b(f) = 4*f + 19. Let t(g) = 15*g + 76. Let u(p) = -9*b(p) + 2*t(p). Let a(o) = -o - 1. Let q(d) = -5*a(d) + u(d). Give q(-6).
-8
Let g(f) = -20*f + 1 - 21*f - 22*f + 56*f - 2. Let s = -2 - -6. Let a be 4/(-6)*6/s. Give g(a).
6
Let t(m) = -m**2 - 21*m - 3. Let p(z) = 13*z + 2. Let y(u) = -5*p(u) - 3*t(u). Let o = 0 + 6. Suppose -3*i + x + o = 0, 2*i + 4*x - 2 = i. Give y(i).
7
Suppose -12*o - 40 = -2*o. Let f = -8 - o. Let x(m) = -2*m**2 - 17*m - 15. Let s(a) = -a**2 - 9*a - 8. Let g(i) = 7*s(i) - 4*x(i). What is g(f)?
0
Let m(j) = -14*j**2 + 2*j + 3. Suppose 0 = 11*c + 89 - 67. What is m(c)?
-57
Let a(d) = d**3 - 11*d**2 + d + 2. Let r be (-12)/15 + 1770/150. Calculate a(r).
13
Let l(v) be the first derivative of v**2/2 - 12*v + 28. Give l(6).
-6
Let v(a) = a + 8. Let k(j) = 5*j + 9. Let l(d) = -2*d. Let b(o) = 2*k(o) + 6*l(o). Let i be b(9). Give v(i).
8
Let t(v) = v**2 - 3*v - 1. Suppose 0 = 5*j - 6 + 1. Let x be 8/(-4) - -1 - j. Let c be (x + 0)/((-2)/4). What is t(c)?
3
Let t(y) = -y**2 + 3*y + 11. Let o(j) = j + 2. Let k(m) = -o(m) - t(m). Determine k(9).
32
Let k(r) = r**3 + 4*r**2 - 7*r - 2. Let w be k(-5). Suppose 9*q - 6 = w*q. Let n(b) = -b**2 + 6*b + 2. What is n(q)?
2
Let t = -1 + 2. Let p(x) be the first derivative of 19*x**5/20 - x**4/12 - x**3/6 + x**2/2 + 10*x + 14. Let b(v) be the first derivative of p(v). Give b(t).
18
Let h(c) = 41*c - 8. Let o be h(0). Let b(m) = m**3 + 9*m**2 + 8*m - 5. Give b(o).
-5
Let u(d) be the first derivative of -3*d**2 - 1/3*d**3 + 4*d - 7. Determine u(-4).
12
Let x(y) be the second derivative of -y**5/20 - y**4/3 - 2*y**3/3 - y**2/2 + 12*y. Let q be x(-3). Let f(a) = 17 - q - 2*a - 8. What is f(5)?
-3
Let z be (1/4)/(-1)*14*-2. Suppose -z*c = 8*c + 75. Let j(h) = -h. Determine j(c).
5
Let x(k) = -2*k + 2. Suppose 2*w - 1 = 5*a, 0*a + 2 = 2*w - 4*a. Suppose w*s + 3*g - 27 = -0, 27 = 2*s - g. Let o = 16 - s. Calculate x(o).
-6
Let i(o) = -24*o**3 - 3*o + 1. Let g(h) = -11*h**3 - h. Let x(u) = 7*g(u) - 3*i(u). What is x(1)?
-6
Let h(w) be the second derivative of w**5/20 + w**4/12 + 19*w**2/2 - w. Suppose 10*n - 15*n = 25, 3*a + 20 = -4*n. Give h(a).
19
Let s(u) be the third derivative of 7*u**2 + 0*u - 1/2*u**3 + 1/24*u**4 + 0. Determine s(2).
-1
Let x(r) be the third derivative of -1/120*r**6 + 0*r**4 + 16*r**2 + 0*r - 2 + 1/6*r**3 - 1/12*r**5. Give x(-2).
-11
Let d(t) = t + 4. Suppose -6*o = -2*o + 12. What is d(o)?
1
Let h(z) = -14*z - 9. Let b(c) = 7*c - 2*c - 1 + 1 + 3. Let u(r) = -17*b(r) - 6*h(r). Let x be 145/(-40) + (-6)/16. What is u(x)?
7
Suppose -30 = -613*r + 607*r. Let p(z) = -z**2 + 4*z - 2. What is p(r)?
-7
Let x(q) be the third derivative of q**4/4 + q**3/6 - 5*q**2 + 6. Let t = -5 + 4. What is x(t)?
-5
Let h(o) = -o**3 - o**2 + 2*o + 7. Let l be h(0). Suppose 0 = -5*x - 3*y - 1 - l, -1 = y. Let j be -4 + x*(-1 + 0). Let z(s) = -s**2 - 4*s - 4. Calculate z(j).
-1
Let b(n) = n**3 + n**2 + n + 10. Suppose -35 + 35 = 16*m. Determine b(m).
10
Let p(t) = 4*t**2 + t + t**3 - 5*t + 6*t + 4 - 4*t. Determine p(-4).
12
Let r = 348 + -247. Let w = r + -103. Let i(b) = 3*b**3 + 3*b**2 + b. What is i(w)?
-14
Let s(c) = c**2 - 4. Suppose -6 = 2*j + 2*y, 0 = j - y - 3 + 8. What is s(j)?
12
Let c be -3 - (-2)/(-96)*-146. Let m(u) be the third derivative of 0 - c*u**4 + 0*u + 1/3*u**3 - 5*u**2. Calculate m(-3).
5
Let r(s) be the first derivative of -s**3/3 + 5*s**2/2 - 4*s + 1. Let j(g) = 5*g**2 - 2*g**2 + 0*g**2 - 2*g**2 + 5 - 2*g. Let y be j(0). Determine r(y).
-4
Let z(x) = -1807 + 1808 + 0*x - x. Suppose 1 + 19 = -5*a. Determine z(a).
5
Let z(a) = 2*a + 3. Let d be z(5). Let l = d + -19. Let o(h) = -5*h + 11. Let k(n) = -8*n + 21. Let u(q) = -3*k(q) + 5*o(q). Give u(l).
-2
Let x be ((4/3)/4)/(11/66). Let s(t) = -53 + x*t + 52 + 3*t. Determine s(1).
4
Let r(i) = 2. Let b(d) = -d**2 - 4*d + 3. Let a(w) = b(w) + 2*r(w). Determine a(-7).
-14
Let p(v) = -v**2 + 5*v - 4. Let u(i) = i**3 + 4*i**2 + 3*i + 3. Let b be u(-3). Suppose b*d - 2*o = -5 + 23, 2*d = 2*o + 12. Calculate p(d).
-10
Suppose -4 - 14 = 3*t. Let h be 4 - (-2)/(1 - -1). Let g(r) = h*r - r + r + 7 - 4*r. Calculate g(t).
1
Let z be (-7 - -6)*(1 + 1). Let t(f) be the second derivative of f**4/12 - f**3/6 + f**2/2 - f. What is t(z)?
7
Let b(v) be the second derivative of -1/60*v**5 + 0 + 7/6*v**3 + 3*v - 3/2*v**2 - 5/24*v**4. Let r(d) be the first derivative of b(d). Calculate r(-5).
7
Let q(b) = -2*b**3 - b**2 - 2*b. Suppose 4*y + 2*w = 20, -6*w + 2*w + 31 = 5*y. Suppose y*l = 6*l - 9. Suppose 0 = -4*n + l - 11. Calculate q(n).
16
Let c(t) = -2*t**2 - 4*t + 6. Let z = 225 - 221. Give c(z).
-42
Let a(k) = -14*k + 25*k + 5 - 7*k - 3*k. Give a(-7).
-2
Let f(k) = 2*k**2 + 5*k - 55. Let n be f(4). Let q(l) be the third derivative of 0 - 1/12*l**4 - 1/120*l**6 + 1/6*l**3 + 0*l + l**2 - 1/15*l**5. Determine q(n).
-2
Let n(j) = -j**2 - 16*j - 19. Suppose 32 = -2*q + 2*s, 25 = -2*q + 60*s - 65*s. What is n(q)?
-4
Let f = 1 - 2. Let r(d) be the third derivative of -2*d**2 - 1/24*d**4 + 1/6*d**3 + 0 + 0*d. Calculate r(f).
2
Let k(q) be the first derivative of -4*q**2 - 2*q - 4. Let b(i) = -7*i - 1. Let j(g) = -6*b(g) + 5*k(g). Determine j(3).
2
Let g(x) = x**3 + 7*x**2 + x + 2. Let u be g(-7). Let a(p) be the third derivative of p**5/60 + p**4/8 - p**3/6 - 80*p**2. Give a(u).
9
Let a(f) be the first derivative of -1/2*f**2 - f - f**3 - 1/2*f**4 + 1. Let w(d) = d**3 + 6*d**2 + 4*d - 7. Let o be w(-5). Determine a(o).
5
Let x(h) = -h + 2. Suppose 6*i - 2*p = 5*i - 4, 0 = -i + 5*p - 1. Determine x(i).
8
Let w(u) = u**3 + u**2 - 6*u + 7. Let i(g) = g**3 - 6*g + 6. Let m = 12 + -16. Let v(l) = m*i(l) + 3*w(l). Suppose 0*k - 15 = 3*k, 5 = 5*p + 3*k. Give v(p).
5
Let u(r) = -r**2 + 4*r + 8. Suppose 4*o - 6 = -3*n - 26, -5*n + 5*o = 80. Let d(l) = 2*l**3 - 5*l**2 + 5*l - 6. Let y be d(3). Let z = n + y. Give u(z).
-4
Let q(t) = -8*t + 2. Let a(p) = -3*p + 1. Let i(g) = 3*a(g) - q(g). Give i(7).
-6
Suppose -3*r = 0, 0 = -6*s + 2*s + 4*r + 8. Let d(i) = 187*i**s - 6*i - 188*i**2 - 5 - 4*i. What is d(-9)?
4
Let b be -2 + (-45)/(-12) - (-1)/4. Suppose 0 = y + b*f - 1 + 8, -4*y = 2*f + 10. Let z(s) = -2*s. What is z(y)?
2
Let n(x) be the third derivative of -x**6/120 + x**4/24 - 7*x**3/6 - 15*x**2 - 6. Determine n(0).
-7
Let y(t) = -t**2 - 7*t + 5. Let m be 1 + (-2)/17 + (-3600)/612. Calculate y(m).
15
Suppose 5*r - 2 - 8 = 0. Let p be 2/(-7) - (-14)/49. Let h(l) = p*l**3 + 2*l + l**3 - 5 - 1 + 3 - l**2. What is h(r)?
5
Let n(z) = -3*z - 1. Let m(g) = -102*g - 33. Let r(y) = 2*m(y) - 66*n(y). Give r(-6).
36
Let x(o) = 8*o + 71. Let m be x(-8). Let f(y) = -2*y - 6. What is f(m)?
-20
Let j(s) = s - 5. Suppose 2*q = 3*p + 2*p - 11, -5*p - 5*q = -25. Suppose v = p*v - 4. Let l be v - (-1 + 8/(-4)). Determine j(l).
0
Let g(x) = -x - 10. Suppose -12*v = p - 14*v + 22, -3*v + 42 = -2*p. Give g(p).
8
Let y(d) be the first derivative of 10 - 3*d - 2*d**2 - 1/3*d**3. Give y(-4).
-3
Suppose -c - 8 = 2*r, -7*r + c - 4 = -3*r. Let s(y) = -7*y + 2. Calculate s(r).
16
Let l(r) = -2*r**2 + 7*r - 3. Let s(w) = -w**2 + 5*w - 4. Let i(u) = 2*l(u) - 3*s(u). Giv